                {"id":92,"date":"2021-08-12T00:34:46","date_gmt":"2021-08-12T00:34:46","guid":{"rendered":"http:\/\/clinicakatondo.ao\/?page_id=92"},"modified":"2021-08-12T00:56:26","modified_gmt":"2021-08-12T00:56:26","slug":"consultorio-1","status":"publish","type":"page","link":"https:\/\/clinicakatondo.ao\/index.php\/consultorio-1\/","title":{"rendered":"Consult\u00f3rio 1"},"content":{"rendered":"<p>[et_pb_section fb_built=&#8221;1&#8243; fullwidth=&#8221;on&#8221; _builder_version=&#8221;4.9.2&#8243; _module_preset=&#8221;default&#8221;][et_pb_fullwidth_header title=&#8221;Consulta de Cl\u00ednica Geral&#8221; _builder_version=&#8221;4.9.2&#8243; _module_preset=&#8221;default&#8221; title_font=&#8221;|600|||||||&#8221; title_text_align=&#8221;center&#8221;][\/et_pb_fullwidth_header][\/et_pb_section][et_pb_section fb_built=&#8221;1&#8243; _builder_version=&#8221;4.9.2&#8243; _module_preset=&#8221;default&#8221; custom_padding=&#8221;3px|||||&#8221;][et_pb_row _builder_version=&#8221;4.9.10&#8243; _module_preset=&#8221;default&#8221; custom_padding=&#8221;0px|||||&#8221;][et_pb_column type=&#8221;4_4&#8243; _builder_version=&#8221;4.9.10&#8243; _module_preset=&#8221;default&#8221;][et_pb_image src=&#8221;https:\/\/clinicakatondo.ao\/wp-content\/uploads\/2021\/08\/f-01-consultorio-ginecologia-obstetricia-itaim-sp.jpg.jpg&#8221; title_text=&#8221;f-01-consultorio-ginecologia-obstetricia-itaim-sp.jpg&#8221; _builder_version=&#8221;4.9.10&#8243; _module_preset=&#8221;default&#8221;][\/et_pb_image][\/et_pb_column][\/et_pb_row][et_pb_row column_structure=&#8221;2_3,1_3&#8243; _builder_version=&#8221;4.9.2&#8243; _module_preset=&#8221;default&#8221;][et_pb_column type=&#8221;2_3&#8243; _builder_version=&#8221;4.9.2&#8243; _module_preset=&#8221;default&#8221;][et_pb_text _builder_version=&#8221;4.9.2&#8243; _module_preset=&#8221;default&#8221;]<\/p>\n<p>Para entrar para a sua consulta, por favor, insira o c\u00f3digo que recebeu no seu email, ap\u00f3s a marca\u00e7\u00e3o.<\/p>\n<p>[\/et_pb_text][\/et_pb_column][et_pb_column type=&#8221;1_3&#8243; _builder_version=&#8221;4.9.2&#8243; _module_preset=&#8221;default&#8221;][et_pb_text _builder_version=&#8221;4.9.2&#8243; _module_preset=&#8221;default&#8221;]<\/p>\n<p><span>\t\t<div class=\"wrap\">\n\t\t\t<div class=\"container-fluid\">\r\n\r\n    <div id=\"app\">\r\n        <template>\r\n            <div v-if=\"is_loading\">Loading<\/div>\r\n            <div v-else>\r\n                <div class=\"meetreunion-section\">\r\n                    <div v-show=\"!show_meet\">\r\n                        <form class=\"meetreunion-form\">\r\n                            <div class=\"form-group\">\r\n                                <label for=\"display_name\">Name<\/label>\r\n                                <input v-model=\"display_name\" type=\"text\" id=\"meetreunion-display_name\" name=\"display_name\">\r\n                                <small id=\"displayNameHelp\" class=\"form-text text-muted\">\r\n                                    Insert your name (optional).                                <\/small>\r\n                            <\/div>\r\n\r\n                            <div class=\"form-group\">\r\n                                <label for=\"title\">Code<\/label>\r\n                                <input v-model=\"code\" type=\"text\" id=\"meetreunion-code\" name=\"code\">\r\n                                <small id=\"codeHelp\" class=\"form-text text-muted\">\r\n                                    Insert your meeting code                                <\/small>\r\n                            <\/div>\r\n\r\n                            <button @click.prevent=\"createJitsiMeet\" class=\"btn btn-primary\">\r\n                                Connect                            <\/button>\r\n                        <\/form>\r\n                        <div class=\"error-message\" v-show=\"error\">\r\n                            {{ error_message }}\r\n                        <\/div>\r\n                    <\/div>\r\n                <\/div>\r\n                <hr>\r\n                <div v-show=\"show_mobile_info\">\r\n                    From a mobile device, you'll need to install the Jitsi App                    <br>\r\n                    Link generated. Click Go! to connect.                    <a style=\"display: block;margin-top: 10px;\" class=\"button\" :href=\"mobile_connect_info\">\r\n                        Go!                    <\/a>\r\n                <\/div>\r\n                <div v-show=\"show_meet\" class=\"meetreunion-section\" id=\"meetreunion\">\r\n\r\n                <\/div>\r\n            <\/div>\r\n        <\/template>\r\n    <\/div>\r\n\r\n<\/div>\r\n\t\t<\/div>\n\t\t<\/span><\/p>\n<p>[\/et_pb_text][\/et_pb_column][\/et_pb_row][\/et_pb_section]<\/p>\n","protected":false},"excerpt":{"rendered":"<p>Para entrar para a sua consulta, por favor, insira o c\u00f3digo que recebeu no seu email, ap\u00f3s a marca\u00e7\u00e3o.\t\t<div class=\"wrap\">\n\t\t\t<div class=\"container-fluid\">\r\n\r\n    <div id=\"app\">\r\n        <template>\r\n            <div v-if=\"is_loading\">Loading<\/div>\r\n            <div v-else>\r\n                <div class=\"meetreunion-section\">\r\n                    <div v-show=\"!show_meet\">\r\n                        <form class=\"meetreunion-form\">\r\n                            <div class=\"form-group\">\r\n                                <label for=\"display_name\">Name<\/label>\r\n                                <input v-model=\"display_name\" type=\"text\" id=\"meetreunion-display_name\" name=\"display_name\">\r\n                                <small id=\"displayNameHelp\" class=\"form-text text-muted\">\r\n                                    Insert your name (optional).                                <\/small>\r\n                            <\/div>\r\n\r\n                            <div class=\"form-group\">\r\n                                <label for=\"title\">Code<\/label>\r\n                                <input v-model=\"code\" type=\"text\" id=\"meetreunion-code\" name=\"code\">\r\n                                <small id=\"codeHelp\" class=\"form-text text-muted\">\r\n                                    Insert your meeting code                                <\/small>\r\n                            <\/div>\r\n\r\n                            <button @click.prevent=\"createJitsiMeet\" class=\"btn btn-primary\">\r\n                                Connect                            <\/button>\r\n                        <\/form>\r\n                        <div class=\"error-message\" v-show=\"error\">\r\n                            {{ error_message }}\r\n                        <\/div>\r\n                    <\/div>\r\n                <\/div>\r\n                <hr>\r\n                <div v-show=\"show_mobile_info\">\r\n                    From a mobile device, you'll need to install the Jitsi App                    <br>\r\n                    Link generated. Click Go! to connect.                    <a style=\"display: block;margin-top: 10px;\" class=\"button\" :href=\"mobile_connect_info\">\r\n                        Go!                    <\/a>\r\n                <\/div>\r\n                <div v-show=\"show_meet\" class=\"meetreunion-section\" id=\"meetreunion\">\r\n\r\n                <\/div>\r\n            <\/div>\r\n        <\/template>\r\n    <\/div>\r\n\r\n<\/div>\r\n\t\t<\/div>\n\t\t<\/p>\n","protected":false},"author":1,"featured_media":0,"parent":0,"menu_order":0,"comment_status":"closed","ping_status":"closed","template":"","meta":{"_et_pb_use_builder":"on","_et_pb_old_content":"","_et_gb_content_width":"","footnotes":""},"class_list":["post-92","page","type-page","status-publish","hentry"],"aioseo_notices":[],"_links":{"self":[{"href":"https:\/\/clinicakatondo.ao\/index.php\/wp-json\/wp\/v2\/pages\/92","targetHints":{"allow":["GET"]}}],"collection":[{"href":"https:\/\/clinicakatondo.ao\/index.php\/wp-json\/wp\/v2\/pages"}],"about":[{"href":"https:\/\/clinicakatondo.ao\/index.php\/wp-json\/wp\/v2\/types\/page"}],"author":[{"embeddable":true,"href":"https:\/\/clinicakatondo.ao\/index.php\/wp-json\/wp\/v2\/users\/1"}],"replies":[{"embeddable":true,"href":"https:\/\/clinicakatondo.ao\/index.php\/wp-json\/wp\/v2\/comments?post=92"}],"version-history":[{"count":7,"href":"https:\/\/clinicakatondo.ao\/index.php\/wp-json\/wp\/v2\/pages\/92\/revisions"}],"predecessor-version":[{"id":176,"href":"https:\/\/clinicakatondo.ao\/index.php\/wp-json\/wp\/v2\/pages\/92\/revisions\/176"}],"wp:attachment":[{"href":"https:\/\/clinicakatondo.ao\/index.php\/wp-json\/wp\/v2\/media?parent=92"}],"curies":[{"name":"wp","href":"https:\/\/api.w.org\/{rel}","templated":true}]}}